125916?
False
Is 13167 a multiple of 11?
True
Does 20 divide 78981?
False
Is 4329398 a multiple of 31?
True
Is 121800 a multiple of 60?
True
Is 260 a factor of 12982060?
True
Does 99 divide 81688?
False
Does 11 divide 3055030?
True
Is 23 a factor of 160977?
True
Is 3966171 a multiple of 167?
False
Is 792798 a multiple of 196?
False
Is 546567 a multiple of 17?
True
Is 9877860 a multiple of 9?
True
Does 97 divide 2221203?
True
Does 79 divide 631894?
False
Is 245146 a multiple of 5?
False
Is 951156 a multiple of 43?
False
Is 810356 a multiple of 34?
True
Is 116845 a multiple of 10?
False
Does 190 divide 515850?
True
Does 206 divide 67042?
False
Is 3984315 a multiple of 213?
False
Does 13 divide 3570580?
True
Does 194 divide 308848?
True
Does 14 divide 1340220?
True
Is 11 a factor of 1102904?
True
Does 16 divide 411264?
True
Does 87 divide 3174804?
True
Is 5875 a multiple of 78?
False
Is 1320976 a multiple of 65?
False
Is 243270 a multiple of 170?
True
Does 70 divide 335930?
True
Does 72 divide 673776?
True
Is 12 a factor of 568500?
True
Is 308 a factor of 6836234?
False
Does 35 divide 2458178?
False
Is 9349426 a multiple of 912?
False
Is 87 a factor of 31401?
False
Is 38 a factor of 86412?
True
Is 14 a factor of 3130764?
True
Is 9 a factor of 5668304?
False
Is 128 a factor of 1199743?
False
Is 238541 a multiple of 5?
False
Is 17 a factor of 12373760?
False
Is 14 a factor of 37082?
False
Is 67 a factor of 389793?
False
Does 158 divide 16639711?
False
Does 5 divide 1991625?
True
Is 56305 a multiple of 2?
False
Is 254320 a multiple of 272?
True
Does 22 divide 502304?
True
Does 4 divide 125124?
True
Does 102 divide 1063860?
True
Is 592782 a multiple of 186?
True
Does 178 divide 1661274?
True
Is 18 a factor of 82026?
True
Is 338 a factor of 514436?
True
Is 6 a factor of 185615?
False
Is 122 a factor of 20060277?
False
Is 5 a factor of 1224601?
False
Is 32132 a multiple of 116?
True
Is 83 a factor of 221776?
True
Is 1133526 a multiple of 102?
True
Is 1774575 a multiple of 65?
False
Does 140 divide 4320820?
True
Does 58 divide 30667241?
False
Is 7291592 a multiple of 1064?
True
Does 20 divide 9895?
False
Is 5198745 a multiple of 11?
False
Is 50 a factor of 201089?
False
Does 232 divide 88856?
True
Is 237 a factor of 1495751?
False
Is 262 a factor of 3558685?
False
Is 10169666 a multiple of 124?
False
Is 3326863 a multiple of 1748?
False
Is 8135 a multiple of 45?
False
Does 471 divide 16076172?
True
Is 8176886 a multiple of 40?
False
Is 42052 a multiple of 49?
False
Does 35 divide 2179227?
False
Is 1765621 a multiple of 143?
True
Does 9 divide 13202?
False
Is 7043 even?
False
Does 37 divide 130060?
False
Does 441 divide 3208909?
False
Is 222 a factor of 770784?
True
Is 349148 a multiple of 12?
False
Is 17 a factor of 3730038?
True
Is 1815480 a multiple of 45?
True
Does 48 divide 854724?
False
Is 628973 a multiple of 6?
False
Is 5579955 a multiple of 9?
True
Is 73430 a multiple of 14?
True
Is 2 a factor of 15243?
False
Does 3 divide 1460175?
True
Is 10 a factor of 1994150?
True
Is 8659326 a multiple of 13?
True
Is 10 a factor of 24642?
False
Does 91 divide 157248?
True
Does 980 divide 9154071?
False
Is 340 a factor of 136255?
False
Does 424 divide 15249?
False
Is 2259 a factor of 2078850?
False
Is 5841325 a multiple of 203?
True
Is 5 a factor of 407250?
True
Is 9483840 a multiple of 74?
True
Is 96 a factor of 55945?
False
Does 6 divide 1316334?
True
Does 2436 divide 21814380?
True
Does 46 divide 10208872?
True
Is 200000 a multiple of 40?
True
Is 2308141 a multiple of 43?
False
Is 1993966 a multiple of 13?
True
Is 2 a factor of 1469?
False
Is 581 a factor of 211484?
True
Is 21 a factor of 101157?
True
Does 91 divide 108590?
False
Is 369234 a multiple of 9?
True
Is 587 a factor of 3018941?
True
Is 91 a factor of 1151878?
True
Is 1019451 a multiple of 22?
False
Is 172956 a multiple of 213?
True
Is 35 a factor of 49385?
True
Does 10 divide 3698?
False
Does 915 divide 3526410?
True
Does 60 divide 66420?
True
Does 12 divide 4186096?
False
Is 257056 a multiple of 32?
True
Does 30 divide 255?
False
Does 57 divide 27539607?
True
Is 1090 a factor of 10642662?
False
Is 1404396 a multiple of 252?
True
Is 265174 a multiple of 806?
True
Does 324 divide 584496?
True
Is 1216714 a multiple of 50?
False
Is 31865899 a multiple of 16?
False
Does 115 divide 44620?
True
Is 207750 a multiple of 38?
False
Does 10 divide 4271672?
False
Is 168 a factor of 692975?
False
Is 367 a factor of 892178?
False
Is 21 a factor of 7237868?
False
Does 603 divide 8711541?
True
Is 811637 a multiple of 40?
False
Does 15 divide 168203?
False
Is 89 a factor of 27056?
True
Is 19112 a multiple of 75?
False
Is 266425 a multiple of 69?
False
Is 25 a factor of 21457?
False
Is 17 a factor of 224754?
False
Is 25542 a multiple of 11?
True
Is 27 a factor of 81567?
True
Is 27 a factor of 788697?
True
Does 52 divide 174616?
True
Is 231273 a multiple of 87?
False
Does 44 divide 1980528?
True
Does 31 divide 297535?
False
Is 1771834 a multiple of 65?
False
Is 1085648 a multiple of 4?
True
Does 26 divide 2175524?
True
Is 35952 a multiple of 28?
True
Is 184902 a multiple of 125?
False
Is 45 a factor of 233460?
True
Is 149017 a multiple of 11?
True
Is 14 a factor of 1228395?
False
Is 750708 a multiple of 84?
True
Is 2531268 a multiple of 194?
False
Is 23 a factor of 17122291?
False
Is 32 a factor of 436032?
True
Does 81 divide 75466?
False
Does 31 divide 792852?
False
Does 286 divide 62062?
True
Is 78030 a multiple of 54?
True
Does 132 divide 26421768?
False
Is 816013 a multiple of 284?
False
Is 511744 a multiple of 139?
False
Is 855794 a multiple of 133?
False
Does 7 divide 71204?
True
Is 187 a factor of 269841?
True
Does 9 divide 7551913?
False
Does 224 divide 143451?
False
Is 1931 a factor of 6979288?
False
Does 49 divide 290374?
True
Does 342 divide 93253?
False
Does 25 divide 735475?
True
Is 31196 a multiple of 37?
False
Is 6 a factor of 126084?
True
Is 1151253 a multiple of 549?
True
Is 5705040 a multiple of 66?
True
Is 1231 a factor of 41796143?
True
Is 261 a factor of 2513691?
True
Is 122744 a multiple of 3?
False
Does 81 divide 181926?
True
Does 8 divide 68672?
True
Is 47509 a multiple of 77?
True
Is 34 a factor of 11276916?
True
Is 84444 a multiple of 62?
True
Does 23 divide 352477?
False
Is 4 a factor of 80285?
False
Does 31 divide 848298?
False
Does 303 divide 13800135?
True
Is 11608160 a multiple of 23?
False
Is 111748 even?
True
Is 15 a factor of 78579?
False
Is 52313 a multiple of 96?
False
Is 15 a factor of 230410?
False
Is 10 a factor of 109634?
False
Does 41 divide 4297087?
True
Does 686 divide 868476?
True
Is 9 a factor of 209556?
True
Is 2560740 a multiple of 140?
True
Is 524 a factor of 1902144?
False
Is 216720 a multiple of 20?
True
Is 1780465 a multiple of 513?
False
Is 30 a factor of 497010?
True
Is 322025 a multiple of 45?
False
Is 167192 a multiple of 26?
False
Is 4 a factor of 7188?
True
Does 147 divide 3037515?
False
Is 11808 a multiple of 82?
True
Is 550302 a multiple of 41?
True
Is 36 a factor of 7042247?
False
Does 294 divide 216090?
True
Is 863926 a multiple of 17?
False
Is 31965 a multiple of 3?
True
Is 24 a factor of 50535?
False
Does 254 divide 918210?
True
Is 10198390 a multiple of 9?
False
Is 186 a factor of 184425?
False
Is 12153839 a multiple of 111?
False
Is 10 a factor of 327080?
True
Is 2240 a factor of 14371840?
True
Is 19 a factor of 126236?
True
Is 3749 a multiple of 12?
False
Is 485907 a multiple of 1045?
False
Does 122 divide 86238?
False
Is 99801 a multiple of 13?
True
Is 12 a factor of 34716?
True
Is 51399 even?
False
Is 318256 even?
True
Is 37 a factor of 74493?
False
Is 17465 a multiple of 35?
True
Is 26 a factor of 17206?
False
Does 1422 divide 5846633?
False
Is 3 a factor of 324997?
False
Does 49 divide 265570?
False
Is 983 a factor of 263444?
True
Does 19 divide 29582378?
False
Is 6248088 a multiple of 552?
True
Is 23 a factor of 45920?
False
Does 539 divide 224763?
True
Is 61725 a multiple of 430?
False
Is 1201 a factor of 2332342?
True
Is 14058 a multiple of 66?
True
Does 102 divide 5849795?
False
Is 1968345 a multiple of 295?
False
Is 5220234 a multiple of 27?
True
Is 35 a factor of 84665?
True
Is 352348 a multiple of 236?
True
Does 35 divide 40150?
Fals